14 + (-2)/(-7). What is the units digit of j(x)?
4
What is the ten thousands digit of 14/420*15*59970?
2
Let n(s) = s**3 + 15*s - 23 - 10*s**2 - s**3 - s**3 + 28. Suppose 2*u - 2*v = -34, 0*u + 5*v = 4*u + 73. What is the hundreds digit of n(u)?
1
Suppose -4*c + 6*n = 10*n - 780, 4*c = n + 760. Let l = c + -60. What is the hundreds digit of l?
1
Let i(w) = -114*w - 104. Let x be i(-4). Suppose -5*h + x = -2743. What is the hundreds digit of h?
6
Let c be 3*((-9)/6)/(24/(-16)). Suppose 2*o - 1745 = -c*o. What is the tens digit of o?
4
Suppose 10*u - 173753 = -6943. What is the thousands digit of u?
6
Suppose -8*r + 12*r = -5*d - 278, -49 = d + 3*r. Let x = d + 37. What is the units digit of 3376/14 - -3 - (-3)/x?
4
Let f(i) = 99*i**2 - 341*i - 1673. What is the tens digit of f(-5)?
0
Suppose -14 = -3*g - 5*c, c + 3*c = -3*g + 10. Let f be (5 + 9)*9*g/(-21). What is the tens digit of (-844)/(-12) - (-1 + 5)/f?
7
Let o = -49 - -49. Suppose -967 = -5*i - 2*y, 5*i + o*i = -4*y + 969. Suppose -p - 185 = -2*d, -3*d - 3*p + 493 = i. What is the units digit of d?
5
Suppose -2*v - a + 79192 = 337, -5*v + 197110 = -3*a. What is the units digit of v?
5
Let z = 34 - -1321. Suppose 369 - z = -17*w. What is the units digit of w?
8
Let n(d) = 0*d**3 - 4*d**2 - 9*d**2 + 12 - d**3 + 30 + 38*d. What is the tens digit of n(-16)?
0
Let x be 2/((-8)/10)*168/(-35). What is the units digit of -3 + 32/x - (-2035)/3?
8
Suppose 2*d - 10 = 7*d, 3*d - 5289 = -3*y. What is the hundreds digit of y?
7
Suppose 10 = 5*r + 2*f, 0 = 3*r - 4*f + 11 + 9. Suppose r = 37*x - 55*x + 29952. What is the hundreds digit of x?
6
Let x(f) = -6669*f - 2686. What is the ten thousands digit of x(-5)?
3
Let t be 1/(-9) - (-31300)/225. Suppose -10*j + 151 = -t. What is the units digit of j?
9
Suppose 0 = 4*s - 3*s - 3*j + 106, 0 = -j + 1. Let p = s - -107. Suppose p*m = -5*y + 1018, 2*m + 0*y - 2*y - 500 = 0. What is the hundreds digit of m?
2
Let g(z) = 9256*z**3 - 3*z**2 + 4*z. What is the hundreds digit of g(1)?
2
Let d be -4*(-1 + 63/2). Let v = 48 - d. What is the tens digit of v?
7
Suppose 15*z = 2*z + 325. Suppose z*f + 1316 = 32*f. Suppose 2*r = 152 + f. What is the hundreds digit of r?
1
Suppose x - 3*i - 22 = -3, 3*x + 3*i - 69 = 0. Suppose -3*f + 39 = 5*h, 5*h = 3*h + 2*f + x. Suppose -2*v + 49 = h. What is the tens digit of v?
2
Let f(n) = 6*n**2 + 7*n - 13. Let h be f(6). Let s = h - 168. What is the units digit of s?
7
Suppose -a - 5*y = -34, 0 = -0*a + 4*a + 4*y - 56. Suppose a*k - 7*k - 400 = 0. Suppose k = -2*u + 6*u. What is the units digit of u?
0
Let c(t) = -58*t**2 - 6*t + 3. Let a be c(2). Let z = 495 + a. What is the units digit of z?
4
Let p be (-4)/(-24)*2*-51. Let s = 24 + p. Let a(t) = 6*t + 4. What is the tens digit of a(s)?
4
Suppose -3*x + 2*o = -250 - 30, 4*o = 2*x - 200. Let k = x + 68. What is the hundreds digit of k?
1
Let h(y) = -63 + 128 - 67 - 10*y. Let c be h(-2). Suppose -314 = -4*s + c. What is the units digit of s?
3
Let z(w) = 3603*w - 174. Let c be z(6). Suppose 1760 - c = -38*l. What is the units digit of l?
8
Suppose 8465 = 3*i + b + 246, 2*i + 3*b - 5484 = 0. Suppose -3*d - 23 = -32, 3*d + i = 4*o. What is the units digit of o?
7
Suppose 2*u - 2*i - 20886 - 10408 = 0, 0 = -i + 6. What is the hundreds digit of u?
6
Let y(u) be the first derivative of u**3 - 41*u**2/2 - 14*u + 30. What is the tens digit of y(19)?
9
Let c = 61826 + -34534. What is the units digit of c?
2
Suppose 10*w = -29394 + 120984. What is the units digit of w?
9
Suppose 0 = 55*t - 861252 + 170947. What is the hundreds digit of t?
5
Let r = 79671 + -42825. What is the thousands digit of r?
6
Suppose -4625913 = -472*v + 279*v + 489166. What is the units digit of v?
3
Let l(f) be the first derivative of -67*f**2 - 13*f + 111. What is the units digit of l(-5)?
7
Let x(i) = 2*i - 1. Let p be x(2). Let k(h) = 560*h - 2910. Let r be k(0). What is the units digit of 1/((-985)/r - 1/p)?
4
What is the hundreds digit of (6/10)/((-24)/(48536*-15))?
2
Let k = 15787 + -5991. What is the hundreds digit of k?
7
Suppose 17*t - 63876 = -8116. Suppose -57*x = -53*x - t. What is the tens digit of x?
2
Let t(c) = 41*c**2 + 11*c + 28. What is the hundreds digit of t(-8)?
5
Let c = 256 - 1457. Let o = -420 - c. What is the hundreds digit of o?
7
Suppose -3*b + 488 = -5*t - 618, 5*b - 1852 = 4*t. Suppose 4*r - 584 = b. What is the tens digit of r?
3
Suppose -52 = 4*u - 48, -2*u = 5*d - 308968. What is the ten thousands digit of d?
6
Let a(y) = 296*y**2 - 13*y + 5. What is the hundreds digit of a(-5)?
4
Let w = -3232 + 8613. What is the thousands digit of w?
5
Suppose -335*t = -102757 - 57373. What is the hundreds digit of t?
4
Let n = 54 - 59. Let x be 35/n*(-6)/(-63)*-15. What is the tens digit of -3*1 - (-280)/x?
2
Suppose -17*j + 20389 = -40383 + 8055. What is the units digit of j?
1
Let f(r) = -r + 1. Let c(s) = 525*s - 30. Let g(z) = c(z) + 25*f(z). Let h be g(2). What is the units digit of h/20 + (-3)/(-12)?
0
What is the thousands digit of 1*(-2828)/(-21)*(-705)/(-20)?
4
Let p = 2712 - -334. What is the thousands digit of p?
3
Let p be 16/(-10)*1200/(-192). Suppose -6*f = -p*f + 4*b + 988, -3*b + 251 = f. What is the units digit of f?
8
Let k(n) = -n**3 - 14*n**2 - 8*n - 25. Let t = 279 + -181. Suppose -h - t = 6*h. What is the units digit of k(h)?
7
Suppose 0 = -128*c + 3648207 + 1599921. What is the hundreds digit of c?
0
Let w = 8 + -14. Let t(x) = 6*x - 8. Let b(j) = -12*j + 21. Let a(p) = -6*b(p) - 15*t(p). What is the hundreds digit of a(w)?
1
Let a(o) = o. Let f(w) = -270*w + 3. Let h(m) = 21*a(m) + 3*f(m). What is the units digit of h(-1)?
8
Let u be (-32)/(-20)*(-4)/(8/(-5)). Suppose -2*p + 3*l = p - 33, 52 = 5*p - u*l. What is the units digit of (p/(-6))/((-7)/42)?
8
Suppose -41*d + 19*d + 957280 = 58*d. What is the thousands digit of d?
1
Let m = 97 - 72. Suppose 0 = -23*j + 28*j - m. Let p(l) = 9*l**2 - 8*l + 14. What is the units digit of p(j)?
9
Suppose 2*p + 20 = p. What is the tens digit of 1398*((-2)/p)/(32/160)?
9
What is the ten thousands digit of ((-4710)/(-8))/(138/2576)?
1
What is the thousands digit of (-5349340)/(-145) - ((-10)/8)/((-3)/(-12))?
6
Let q be 66/4*(-24)/(-9). Let n = -41 + q. Suppose -n*v + 2*v = -5*d - 25, -66 = -4*v + 3*d. What is the tens digit of v?
1
Suppose 12 = 2*g - 4*f + 2*f, 4*f + 26 = 5*g. Suppose g*c + 830 = 7*c. Let v = c - 103. What is the tens digit of v?
6
Let z = -20 + 39. Let n(k) = k - z*k - 14 - 5*k. What is the hundreds digit of n(-7)?
1
Let p(l) = l**3 + 22*l**2 - 9*l - 2. Let x be p(-21). Let i = -231 + x. What is the units digit of i?
7
What is the tens digit of (-2728545)/(-51) - (-14 - -9) - (-4)/34?
0
Let i(k) = 429*k + 12533. What is the hundreds digit of i(0)?
5
Let s(v) = -13*v**3 + 7*v**2 - 4*v - 92. What is the ten thousands digit of s(-10)?
1
Let l = 53 + -46. Let j = l - -54. What is the tens digit of j?
6
Let b be (3 - 8) + -5*16. Let o = -85 - b. Suppose 4*l - 412 = -o*u - 2*u, 0 = -5*u - 20. What is the units digit of l?
5
Let p be 14/(-2) + (0 - 2). Let y(w) = 4*w**3 + 6*w**2 - 12*w - 4. Let d(o) = -o**3 + o**2 + o. Let v(t) = 3*d(t) + y(t). What is the units digit of v(p)?
7
Suppose -81*c = -24*c - 486609. What is the thousands digit of c?
8
Let p be (62 - 0)/(-1 + 0). Let w(q) = 2*q**2 + 4*q - 2. Let v be w(7). Let y = p + v. What is the units digit of y?
2
Let q be 3/((-15)/10) + 7. Suppose -4*o - q*a - 1 = 0, 3*o - a - 17 = o. Suppose -3 = -o*r + 177. What is the units digit of r?
0
Suppose -b = -11*b + 70. Suppose b*i = 11 + 10. What is the tens digit of 128/4 + 3/(i/(-2))?
3
Suppose -29967 = -2*v + u, 277*u = -4*v + 274*u + 59929. What is the tens digit of v?
8
Let l(d) = d**3 + 8*d**2 + 15*d + 25. Let n be l(-6). Suppose -636 = -n*y + 428. What is the tens digit of y?
5
Let c = -49591 - -86186. What is the tens digit of c?
9
Let j be (-2)/(-4)*(-5 + 35). Let c be (2 + (-264)/j)/((-9)/30). Let w = c - 28. What is the tens digit of w?
2
Let q(a) = 4522*a**2 + 83*a - 281. What is the units digit of q(4)?
3
Let i(a) = -4*a**2 + 4*a - 2429 + 2403 + 14*a**2. Let j be i(5). Let m = 386 - j. What is the units digit of m?
2
Suppose -56 = 2*r + 22. Let d = r + 134. Suppose -4*j - 62 = -g, -d = -g + 2*j - 33. What is the u